e 0 = 4*w - 34 - 102. Let d(i) = -i**3 + 6*i**2 + i + 1. Let l be d(7). Let a = l - -58. Calculate the highest common factor of a and w.
17
Let g be -1 + 13 + 0 + 0. Suppose -5*q + 550 = -0*q + 2*r, 3*r = 4*q - 417. Calculate the greatest common factor of q and g.
12
Let u be 0 - -2 - (-8)/2. Suppose u*s - 2*s = 160. Suppose -9*z = -10*z + 16. What is the highest common factor of z and s?
8
Let j(y) = -12*y + 1. Let i be (1/(-2))/(3/6). Let f be j(i). Let z = 9 - -4. What is the highest common divisor of f and z?
13
Let b be (-22 + 2)*(-506)/44. What is the highest common divisor of b and 23?
23
Let a(n) = 43*n**2 - 1. Let g be (-7)/(-7)*2/2. Let r be a(g). Calculate the greatest common divisor of r and 6.
6
Suppose -3*z = -2 - 13, 3*z - 18 = -n. Let x be (n/2)/(9/18). Suppose 13 = 3*u - f, 23 = x*u + 3*f + f. What is the greatest common divisor of u and 45?
5
Let y be 3 + -1 + -2 + 3. Suppose -11 + 44 = 3*l - 5*j, j = -y. Calculate the greatest common factor of 24 and l.
6
Suppose -h - 5*g = -21, -5*h = -h + 5*g - 99. What is the greatest common factor of h and 156?
26
Suppose -3*d + 36 = u, 2*d = 2*u + 26 - 2. Calculate the highest common factor of 3 and d.
3
Suppose -416 = -g - 3*g. Suppose 4*f - g = 8. What is the greatest common factor of 4 and f?
4
Suppose -4*y + 2*y - 10 = 0. Suppose -a + 3*a = 2. Let p = a - y. Calculate the greatest common factor of p and 24.
6
Let y(q) = -140*q**2 - 2*q - 1. Let t be y(-1). Let w = -20 - t. What is the greatest common factor of 17 and w?
17
Let a be ((1 - -1) + -8)*(-32)/6. Calculate the highest common factor of 224 and a.
32
Let d = -55 + 65. Calculate the highest common factor of d and 4.
2
Let g(h) = 23*h + 0 - 1 + h - 3*h. Let j be g(1). What is the greatest common divisor of j and 50?
10
Suppose -5*d + 27 - 7 = 0. Let x be 6/2 - (-5 - -4). What is the greatest common factor of x and d?
4
Let r = -14 + 26. Let b = 0 + r. Calculate the highest common factor of b and 12.
12
Let f(l) = 13*l + 1. Let a be 6/((-1)/(-1) + 1). Suppose v - a = -2*v. Let c be f(v). What is the highest common factor of c and 98?
14
Let c(q) = q**2 + 7*q + 2. Let b be c(-7). What is the highest common divisor of b and 1?
1
Suppose -4*p - 64 + 1 = -5*y, 3*y - 35 = p. Calculate the highest common factor of y and 143.
11
Let p be (9*1)/(3/8). Let r(v) = -2*v - 12. Let f be r(-10). Calculate the highest common divisor of f and p.
8
Let o(t) = t**2 - 4*t - 11 - 3*t + t. Let x be o(-9). Suppose 4*z - c - x = 3*c, -3*z + 4*c = -91. Calculate the highest common factor of 3 and z.
3
Suppose 5*a + 5*n - 237 = 323, -5*a = -3*n - 528. What is the highest common factor of 12 and a?
12
Let b(f) = 4*f**2 + f + 1. Let w be b(-1). Suppose 6*n = w*n + 40. Suppose -2*m + n = -28. What is the greatest common factor of m and 12?
12
Let y = -6 - -14. What is the greatest common divisor of y and 72?
8
Let z(u) = 10*u + 8. Let v be z(7). Let c = v - -26. What is the highest common divisor of c and 13?
13
Let y(g) = -g + 38. Let s be y(16). Calculate the highest common divisor of 2 and s.
2
Suppose -2*d = 3*d + 50. Let q = -3 - d. Let m = q + 5. Calculate the highest common divisor of m and 12.
12
Suppose 0 = -13*p + 2*p + 3784. What is the highest common factor of 43 and p?
43
Let r = -2 - 0. Let q be r/10 - (-112)/10. Let y(f) = f**3 - 6*f**2 + 8*f + 5. Let m be y(7). What is the greatest common factor of m and q?
11
Let z(v) = -6*v - 2. Let i be z(-3). Calculate the greatest common factor of 24 and i.
8
Let s be (0 + 1 - -1)*1. Let k be 1 - s/(-2)*1. Let g(f) = f**2 - 4*f + 1. Let v be g(4). Calculate the greatest common divisor of v and k.
1
Suppose 0 = -3*x - 0*x + 60. What is the greatest common divisor of 100 and x?
20
Let z be ((-5)/(-15))/((-1)/(-6)). Suppose -3*n + 103 = -5*x, -z*n = 2*n - 4*x - 140. What is the highest common factor of n and 4?
4
Let k be ((-1)/(-2))/(5/180). Suppose 2*b - 106 - 54 = 5*j, -5*b + 462 = 3*j. What is the greatest common factor of k and b?
18
Let i(p) = -p**3 + 17*p**2 - 28*p + 6. Let k be i(15). What is the highest common divisor of k and 12?
12
Let q(c) be the first derivative of -c**3/3 + 4*c**2 - 5*c - 3. Let o be q(6). Calculate the highest common factor of 7 and o.
7
Suppose -5*i = -y - 115, 2*y + 0 = 4*i - 98. Suppose -5*t = -3*t - i. Let r = 2 - -86. What is the greatest common factor of r and t?
11
Suppose -1415 = -20*t - 95. What is the highest common divisor of 99 and t?
33
Suppose -2*h + 3*v - 544 = -7*h, h - 3*v - 116 = 0. Suppose -f + 5*n + 12 = 3*n, 5*n = -f + 5. Calculate the greatest common factor of h and f.
10
Let j(b) = b**3 + 2*b**2 - 2*b - 2. Suppose 3*m - 5*r - 6 = -4*r, 4*r = -m + 2. Let g be j(m). What is the highest common divisor of 2 and g?
2
Let r(o) = o**2 - o + 2. Suppose 0*a + 9 = 3*a. Let p be r(a). Calculate the highest common factor of 8 and p.
8
Let s(p) = -p**2 - 9*p - 12. Let a be s(-8). Let m be -2 + 2 + -3 - a. Calculate the greatest common factor of 5 and m.
1
Let n = 76 - -242. Suppose -4*q - s + n = 0, -q - 5*s = -0*q - 70. Suppose u = -0*u + q. What is the greatest common divisor of 32 and u?
16
Let z be 27/3 + (-1 - -2). Let t be 94 + (-5)/(z/(-4)). Let n = 7 + 5. What is the highest common factor of t and n?
12
Let u be (2/(-4))/((-2)/12). Suppose -2*b - 14 = 16. Let n be ((-18)/b)/(3/5). What is the highest common divisor of u and n?
1
Suppose -2*r = -2, 3*w - 12 = r + 203. Let g be -2*(-6)/(-4) - -3. Suppose -f = -g*f - 48. What is the highest common factor of f and w?
24
Let r(o) = 13*o - 1. Let t be r(2). Suppose -t = -4*g - g. Suppose 0*q - 3*q = -165. Calculate the highest common divisor of g and q.
5
Suppose 16*f + 171 - 555 = 0. What is the greatest common factor of f and 12?
12
Suppose 77 + 553 = 2*y. Suppose -k = 3*m - y, -2*m - 5*k = 17 - 240. Suppose -2*g - 65 = -7*g. Calculate the greatest common divisor of g and m.
13
Let d be 1 - 3/6*-2. Calculate the greatest common factor of 1 and d.
1
Suppose -2*m = -0*m - 8. Let z = 0 + m. What is the greatest common divisor of z and 28?
4
Let f = 7 + -4. Suppose -f*n = -128 - 79. Calculate the greatest common divisor of n and 46.
23
Let f = -8 - -14. Suppose 2*v = f*u - u + 91, -u = v - 49. What is the greatest common factor of 32 and v?
16
Let c be (31/(-4))/((-3)/(-12)). Let x = 51 + c. What is the greatest common divisor of x and 100?
20
Let f(w) = w - 17. Let h be f(15). Suppose -3*p = -p + 112. Let y be ((-3)/h)/((-6)/p). What is the highest common factor of y and 70?
14
Suppose -2*x - 2*x + 12 = 0, -23 = -4*b + 3*x. Let p = b - 6. Suppose -3*l + 4 = -8, p*l = 4*j - 200. What is the highest common divisor of j and 13?
13
Let d be (-14 - -12)*4*2. Let m be ((-8)/d)/((-1)/(-22)). What is the greatest common divisor of m and 55?
11
Let h(m) = -m**3 + 19*m**2 + 20*m + 48. Let o be h(20). What is the highest common divisor of 6 and o?
6
Let w = 78 - 72. What is the greatest common divisor of w and 42?
6
Let h = 14 + -9. Suppose -h*c + 38 = 3*s - 4, 5*c - 6 = s. Calculate the highest common divisor of 99 and s.
9
Suppose -31 = -2*x + 17. What is the highest common factor of 96 and x?
24
Let u be ((-15)/(-3) - 3)*1. Let v = -62 + 72. What is the highest common factor of v and u?
2
Let x(o) = -47 + 39*o**2 + 47 + o. Let r be x(-1). What is the greatest common factor of r and 19?
19
Suppose 69 = 2*y - 151. Calculate the highest common factor of 275 and y.
55
Suppose 6*c = -12 - 0. Let y = c + 17. Calculate the highest common divisor of 30 and y.
15
Let u(i) = i + 4. Let k be u(-5). Let t(j) = -22*j**3 - 2*j**2 - 2*j - 1. Let y be t(k). What is the greatest common divisor of 14 and y?
7
Let a(i) = 4*i + 10 - 19*i - 7. Let b be a(-4). Calculate the highest common divisor of 21 and b.
21
Let i be 18*-6*(-3)/12. What is the highest common factor of 63 and i?
9
Suppose r = 2*f - 4, -f + 1 = -2*r + 2. Let y be (43/r)/(5/10). Suppose 77 = 2*c - y. What is the highest common divisor of c and 12?
12
Let b = 15 - 30. Let s = b - -48. Suppose -3*h + 65 = -n, -2*h + n + 2*n = -41. Calculate the highest common factor of h and s.
11
Let d(j) = j**3 - 10*j**2 - 21*j + 40. Let t be d(12). What is the greatest common factor of 19 and t?
19
Suppose -4*u + 138 = y, 3*u - 4*u - 2*y = -38. What is the greatest common divisor of 2